4?
True
Does 30 divide 554?
False
Is 1054 a multiple of 17?
True
Does 70 divide 3850?
True
Does 158 divide 36939?
False
Is 6 a factor of 918?
True
Is 525 a multiple of 5?
True
Is 6 a factor of 2015?
False
Is 86 a factor of 157267?
False
Does 30 divide 23490?
True
Is 73 a factor of 1650?
False
Is 234 a factor of 37674?
True
Is 6845 a multiple of 58?
False
Does 50 divide 1190?
False
Does 20 divide 841?
False
Is 3481 a multiple of 46?
False
Does 56 divide 4760?
True
Is 5071 a multiple of 2?
False
Is 378 a multiple of 9?
True
Is 18 a factor of 23904?
True
Is 15 a factor of 2820?
True
Is 83 a factor of 1245?
True
Is 22 a factor of 12210?
True
Is 5 a factor of 10146?
False
Is 4123 a multiple of 31?
True
Is 70 a factor of 5169?
False
Is 655 a multiple of 131?
True
Is 43 a factor of 22933?
False
Is 115 even?
False
Does 16 divide 33779?
False
Is 10412 a multiple of 27?
False
Does 37 divide 60162?
True
Is 3 a factor of 3804?
True
Is 128 a factor of 13824?
True
Is 957 a multiple of 29?
True
Is 109 a factor of 1536?
False
Does 65 divide 7295?
False
Is 3097 a multiple of 30?
False
Is 59 a multiple of 4?
False
Is 20 a factor of 2320?
True
Is 84 a factor of 25368?
True
Does 12 divide 10595?
False
Is 2784 a multiple of 96?
True
Does 175 divide 88060?
False
Is 60 a factor of 20820?
True
Is 13 a factor of 1521?
True
Is 18772 a multiple of 76?
True
Is 22 a factor of 131?
False
Is 30 a factor of 17190?
True
Is 49 a factor of 19350?
False
Does 61 divide 61?
True
Is 82 a factor of 21834?
False
Does 59 divide 3771?
False
Is 16 a factor of 438?
False
Is 19411 a multiple of 2?
False
Is 22 a factor of 858?
True
Does 4 divide 440?
True
Is 52 a factor of 6292?
True
Does 9 divide 3291?
False
Is 19418 a multiple of 7?
True
Is 42 a factor of 18166?
False
Is 21701 a multiple of 33?
False
Is 4 a factor of 233?
False
Does 3 divide 7056?
True
Is 26 a factor of 52208?
True
Is 34089 a multiple of 11?
True
Is 36 a factor of 792?
True
Is 565 a multiple of 66?
False
Does 2 divide 379?
False
Does 35 divide 720?
False
Does 24 divide 175?
False
Is 1062 a multiple of 3?
True
Is 88084 a multiple of 141?
False
Is 59 a factor of 177?
True
Is 1392 a multiple of 29?
True
Does 9 divide 24317?
False
Is 14 a factor of 11926?
False
Does 13 divide 13819?
True
Is 644 a multiple of 14?
True
Is 26 a factor of 3254?
False
Is 16 a factor of 365?
False
Does 12 divide 1092?
True
Is 5618 a multiple of 84?
False
Does 65 divide 2080?
True
Is 14798 a multiple of 123?
False
Does 62 divide 1488?
True
Is 3893 a multiple of 13?
False
Is 26 a factor of 3258?
False
Is 25 a factor of 514?
False
Does 22 divide 15598?
True
Is 11 a factor of 76036?
False
Is 16 a factor of 7160?
False
Does 35 divide 5348?
False
Does 27 divide 518?
False
Does 108 divide 3726?
False
Does 34 divide 306?
True
Does 64 divide 4179?
False
Does 13 divide 46?
False
Is 193 a multiple of 3?
False
Does 38 divide 2052?
True
Is 67477 a multiple of 8?
False
Does 99 divide 2286?
False
Is 5350 a multiple of 10?
True
Does 7 divide 2226?
True
Does 11 divide 9515?
True
Is 29417 a multiple of 231?
False
Is 22 a factor of 1100?
True
Is 11 a factor of 2208?
False
Is 9 a factor of 55?
False
Is 105 a factor of 1050?
True
Does 28 divide 2240?
True
Does 7 divide 3966?
False
Does 5 divide 785?
True
Is 32 a factor of 10816?
True
Is 5 a factor of 220?
True
Does 8 divide 1709?
False
Is 3328 a multiple of 32?
True
Does 157 divide 4689?
False
Does 6 divide 270?
True
Is 16 a factor of 768?
True
Does 3 divide 582?
True
Is 26427 a multiple of 23?
True
Does 13 divide 1911?
True
Is 41 a factor of 4277?
False
Is 2 a factor of 191?
False
Is 14911 a multiple of 101?
False
Is 702 a multiple of 39?
True
Is 3656 a multiple of 54?
False
Is 5147 a multiple of 28?
False
Is 109 a factor of 109?
True
Is 1305 even?
False
Is 698 a multiple of 26?
False
Does 70 divide 29306?
False
Is 99 a factor of 7722?
True
Does 2 divide 30?
True
Is 17017 a multiple of 12?
False
Is 533 a multiple of 41?
True
Does 7 divide 280?
True
Is 73103 a multiple of 26?
False
Is 100 a multiple of 20?
True
Is 105687 a multiple of 62?
False
Is 4 a factor of 3524?
True
Does 68 divide 12396?
False
Is 11 a factor of 8415?
True
Is 135 a factor of 3089?
False
Does 98 divide 110?
False
Is 18 a factor of 3005?
False
Is 2173 a multiple of 41?
True
Is 1746 a multiple of 25?
False
Is 30 a factor of 1608?
False
Is 25 a factor of 13475?
True
Is 29627 a multiple of 17?
False
Is 23 a factor of 4512?
False
Is 120 a multiple of 8?
True
Does 12 divide 2132?
False
Is 73669 a multiple of 159?
False
Does 4 divide 10557?
False
Is 224 a factor of 8437?
False
Is 20 a factor of 1638?
False
Is 259 a factor of 5180?
True
Does 107 divide 20972?
True
Is 20 a factor of 9508?
False
Is 17 a factor of 187?
True
Is 3262 a multiple of 14?
True
Is 1296 a multiple of 78?
False
Is 56 a multiple of 8?
True
Does 14 divide 7534?
False
Is 7308 a multiple of 28?
True
Does 36 divide 1368?
True
Does 52 divide 2643?
False
Is 243 a factor of 27752?
False
Is 31 a factor of 14384?
True
Does 10 divide 2800?
True
Does 88 divide 11088?
True
Does 4 divide 1884?
True
Does 15 divide 1265?
False
Does 9 divide 594?
True
Does 21 divide 896?
False
Is 594 a multiple of 11?
True
Does 14 divide 714?
True
Is 16 a factor of 1648?
True
Does 11 divide 234?
False
Does 16 divide 1908?
False
Is 32 a factor of 1103?
False
Does 166 divide 9149?
False
Is 67 a factor of 2546?
True
Does 56 divide 1064?
True
Is 6996 a multiple of 53?
True
Is 16158 a multiple of 97?
False
Is 7 a factor of 553?
True
Is 7 a factor of 7387?
False
Does 28 divide 5012?
True
Does 22 divide 113256?
True
Is 71687 a multiple of 19?
True
Is 3 a factor of 6?
True
Is 37 a multiple of 20?
False
Is 4 a factor of 4860?
True
Is 12241 a multiple of 60?
False
Does 30 divide 958?
False
Is 23910 a multiple of 10?
True
Is 65 a multiple of 65?
True
Does 109 divide 4360?
True
Is 25540 a multiple of 97?
False
Is 448 a multiple of 16?
True
Is 34296 a multiple of 79?
False
Is 1200 a multiple of 15?
True
Is 47 a factor of 1016?
False
Does 43 divide 1409?
False
Is 3024 a multiple of 54?
True
Does 21 divide 12201?
True
Is 59 a multiple of 8?
False
Is 110418 a multiple of 66?
True
Is 16719 a multiple of 2?
False
Is 4654 a multiple of 135?
False
Is 55 a factor of 1485?
True
Is 2684 a multiple of 11?
True
Is 490 a multiple of 7?
True
Is 25 a factor of 12404?
False
Is 17 a factor of 41198?
False
Does 134 divide 13355?
False
Does 36 divide 4475?
False
Does 17 divide 147061?
False
Is 9877 a multiple of 7?
True
Does 23 divide 11128?
False
Is 15 a factor of 71974?
False
Is 1188 a multiple of 5?
False
Does 166 divide 18627?
False
Does 203 divide 29841?
True
Is 218 a factor of 69324?
True
Is 16457 a multiple of 31?
False
Is 11678 a multiple of 66?
False
Does 39 divide 7334?
False
Is 13680 a multiple of 21?
False
Is 44 a factor of 7964?
True
Does 29 divide 2610?
True
Is 39 a factor of 1404?
True
Does 13 divide 2904?
False
Is 5699 a multiple of 16?
False
Does 4 divide 2061?
False
Is 46461 a multiple of 17?
True
Is 22 a factor of 1537?
False
Is 6 a factor of 992?
False
Does 44 divide 1634?
False
Does 9 divide 9342?
True
Does 10 divide 10?
True
Does 64 divide 120?
False
Does 12 divide 5952?
True
Is 18 a factor of 704?
False
Is 8 a factor of 1008?
True
Is 15 a factor of 150?
True
Does 6 divide 4655?
False
Is 43851 a multiple of 27?
False
Is 8 a factor of 10650?
False
Does 79 divide 476?
False
Does 46 divide 1794?
True
Is 14 a factor of 474?
False
Does 21 divide 7295?
False
Does 8 divide 13806?
False
Does 154 divide 27554?
False
Is 6632 a multiple of 11?
False
Is 2 a factor of 2348?
True
Is 858 a multiple of 78?
True
Does 15 divide 8556?
False
Is 15 a factor of 474?
False
Does 56 divide 39506?
False
Is 7939 a multiple of 17?
True
Is 33 a factor of 1305?
False
Is 598 a multiple of 20?
False
Does 2 divide 548?
True
Is 77 a factor of 6998?
False
Is 2171 a multiple of 36?
False
Is 12976 a multiple of 52?
False
Is 245 a multiple of 7?
True
Is 113 a multiple of 113?
True
Does 20 divide 3607?
False
Does 107 divide 6486?
False
Is 13416 a multiple of 12?
True
Does 9 divide 5285?
False
Is 28 a factor of 1092?
True
Is 32504 a multiple of 9?
False
Is 8480 a multiple of 160?
True
Is 20 a factor of 24171?
False
Is 27 a factor of 3645?
True
Is 1660 a multipl